7*v + 18. Let o(u) = 450*u + 1348. Let d be o(-3). Calculate p(d).
4
Let q be (-3)/(-18) - (318/(-252) + (-3)/(-7)). Let z(w) = -17*w**3 + 3*w**2 - 1. Give z(q).
-15
Let x = 24381 - 24387. Let q(k) = -k**3 - 6*k**2 + 4*k + 6. Calculate q(x).
-18
Let f(d) = -55*d**2 - 20*d - 1. Let x(s) = 192*s**2 + 61*s + 3. Let p(b) = 7*f(b) + 2*x(b). Suppose 3*j - 2*j = -18. Determine p(j).
-1
Let f(a) = a**3 - 4*a**2 + 4*a - 7. Let b be (-12)/6 + 96/16. Determine f(b).
9
Let f(s) = -38*s + 3458. Let o be f(91). Let t(x) = x**3 + 3*x - 5. Determine t(o).
-5
Let o = -520 - -623. Suppose -97*q = -o*q + 18. Let a(j) = j**3 - 2*j**2 - j - 4. Calculate a(q).
2
Let y(k) = 8*k**2 - 6*k - 15. Let z(f) = 23*f**2 - 17*f - 43. Let j(v) = 17*y(v) - 6*z(v). Suppose -27 = -438*u + 447*u. Give j(u).
-15
Let b(f) be the first derivative of -2*f**3 + 1/4*f**4 + 0*f**2 + 5*f + 8. Let p(y) = -y**3 - 4*y**2 + 12*y + 6. Let l be p(-6). Give b(l).
5
Suppose -5*w + 5*i + 100 = 0, 45 = 2*w - 0*i - i. Suppose -26*z + w*z = -2. Let q(r) = 2 - 3*r**2 - 2649*r + 5*r**z + 2645*r. Determine q(2).
2
Let s(u) = 2*u - 40. Let z(h) = 2*h - 27. Let w(o) = -s(o) + 3*z(o). Give w(12).
7
Let h be 7/((-105)/(-80))*3. Let v(x) = -14 + 6*x - 7 + x**2 + x**3 + h. Let m(k) = -k**3 - k**2 - 7*k + 4. Let c(j) = -5*m(j) - 6*v(j). Calculate c(0).
10
Suppose -d + 2*d = 13. Suppose -13*l + 8*l - 54 = j, 3*l + 5*j + 50 = 0. Let y = d + l. Let b(s) = -2*s**3 + 4*s**2 - 2. Calculate b(y).
-20
Let g be (-109 - -110)*(-13 + 1). Let b(v) = 2*v**2 + 24*v. Calculate b(g).
0
Let p(g) be the third derivative of g**5/60 - g**4/8 - g**3/2 - 7*g**2 + 133. Calculate p(3).
-3
Let j be (5 + (-6 - -1))/1. Let h(s) = s + 6028 - 6035 + j*s. Calculate h(5).
-2
Let b(y) = -y**2 + 2*y. Let x = 26 + -26. Let j be b(x). Let k(c) be the second derivative of c**4/12 - c**3/6 - 3*c**2 - c. Give k(j).
-6
Let u(k) = k - 14. Suppose -132*p = -135*p - 90. Let a be (p/(-21))/((-13)/(-91)). Determine u(a).
-4
Suppose -n = 36*n + 74. Let c(b) be the third derivative of 3*b**4/8 + b**3/2 - 6*b**2 + 2*b. Give c(n).
-15
Let j(g) be the third derivative of -3*g**4/4 + 11*g**3/6 + 18*g**2 + 10. What is j(2)?
-25
Let o(m) = 5*m - 2. Suppose 1 = -2*k + 4*a - 3*a, -a = -3*k. Let s be ((-154)/(-616))/((-2)/(8/k)). Calculate o(s).
-7
Let p(h) be the second derivative of -h**5/20 + 7*h**4/6 - 11*h**3/6 - 21*h**2/2 - 9754*h. Suppose 0 = 4*w - 0*w - 52. Calculate p(w).
5
Let c = -131 + 138. Let g(n) = n**3 - 7*n**2 + 5*n - 3. What is g(c)?
32
Suppose -18*h - 5*l - 37 = -22*h, 0 = 5*h - 4*l - 53. Let c(f) = -2*f**3 + 25*f**2 + 15*f - 11. Calculate c(h).
15
Let q(a) = 12*a - 4. Suppose -3*c - 1114 = 4*k, c + 0*k + 382 = 4*k. Let o = -370 - c. Determine q(o).
44
Let c = 1 - 6. Let o be ((-18)/15)/(1/c). Let d(j) = 12*j**2 - 5*j**2 - 8*j + 9 - 8*j + 9*j - j**3. Calculate d(o).
3
Let q(s) = 2*s**2 + 8*s - 2. Let g(w) = 2*w**3 - 180*w**2 - 186*w + 368. Let t be g(91). Calculate q(t).
62
Let r(l) be the second derivative of 1/20*l**5 - 5/6*l**3 + 0 - 25*l + 1/3*l**4 + 5/2*l**2. Determine r(-6).
-37
Let w(n) = 209*n - 323. Let k(c) = 553*c - 969. Let g(q) = 3*k(q) - 8*w(q). Determine g(-25).
2
Let l be (-2)/(5 + 49/(-7)). Let o(i) = -17*i + 35*i + 4 + l - 14*i. Suppose 0 = 5*z + 27 + 3. Determine o(z).
-19
Suppose -4*o = -0*o - 3*s - 12, 4*o + 5*s = 44. Let g = -77 - -81. Let i(f) = 2 + 7 - 4 + 3*f**2 - g*f**2 + 6*f. Give i(o).
5
Let l(i) = 6*i**2 + 2*i + 1. Let h be l(-1). Let m(s) be the third derivative of s**6/120 - s**5/15 - 7*s**4/24 + s**3 + 2*s**2 + 25. What is m(h)?
-4
Let s(y) be the first derivative of 5*y**2/2 + 6*y - 16681. Let o = -5 - -3. Calculate s(o).
-4
Let y(d) = -503*d**3 - 318*d**3 - 2 - 4*d**2 + 822*d**3 - 7*d. Calculate y(6).
28
Let q(l) = 3*l**3 + 2*l**3 + 8*l - 1 + 13*l**2 - 2*l**3. Suppose -7*x - 20 = 3*x. Let o(f) = -f**3 - 6*f**2 - 4*f. Let v(a) = x*q(a) - 5*o(a). What is v(5)?
-3
Let k(p) be the first derivative of -p**4/12 + p**3 - p**2 + 2*p - 51. Let c(i) be the second derivative of k(i). Calculate c(7).
-8
Suppose 3*l + 684 = -6*l. Let n = l + 79. Let r(b) = -9*b - 12*b**n + 5*b**3 + 10*b. What is r(-1)?
6
Let t(c) = -3*c + 64. Let u be t(-29). Suppose 0 = 4*l - u + 127. Let r(i) = -i**2 + 5*i + 1. Give r(l).
-5
Let r(l) be the second derivative of -l**4/4 + 109*l**3/6 - 33*l**2/2 - 79*l - 15. What is r(36)?
3
Let s(b) be the second derivative of b**5/20 + 2*b**4 + b**3/3 + 63*b**2/2 - 528*b. Give s(-24).
15
Let r(l) = 11*l**2 - 8*l + 3. Let c(w) = -13*w**2 + 9*w - 4. Suppose -637*j - 15 = -634*j. Let x(k) = j*c(k) - 6*r(k). Calculate x(-2).
-8
Let s(b) = 21*b**2 - 58*b - 219. Let z(f) = -8*f**2 + 23*f + 85. Let l(c) = 5*s(c) + 13*z(c). Suppose m = -2*m - 15, -4*g + 2*m = 22. Determine l(g).
2
Let m(v) = -2*v**2 + 2*v + 1895. Let p be m(-30). Let n(q) = -q**3 + 37*q**2 - 66*q - 142. Determine n(p).
-2
Suppose 2*z - 8*z + 300 = 0. Suppose 10*a = 5*a - z. Let d be ((-12)/a)/((-12)/(-90)). Let t(l) = l**3 - 10*l**2 + 10*l - 13. What is t(d)?
-4
Let m(j) = 10*j - 51. Let d be -12 + 8 - (-1 - 9). Calculate m(d).
9
Let o(a) = -4*a**2 + 40*a + 7. Let n(i) = 3*i**2 - 24*i - 8. Let f(g) = 3*n(g) + 2*o(g). Let b be -1*(4*7)/4. Calculate f(b).
-17
Let a(l) be the second derivative of 7*l**3/6 - 44*l**2 + 1753*l - 2. What is a(13)?
3
Suppose 4*s - 378 = -5*s. Suppose s + 8 = -10*q. Let p(l) = l**3 + 4*l**2 - 7*l - 1. What is p(q)?
9
Let t(v) = v + 2. Let j(b) = -b**3 - 24*b**2 - 21*b + 57. Let s be j(-23). Let o = 48 - -12. Suppose s*f - o = -f. Give t(f).
7
Let r(y) = 8*y - 15. Let u be r(10). Let f = 4 - 72. Let k = f + u. Let s(a) = 2*a + 3. Determine s(k).
-3
Let l(i) = -i**2 + i + 7. Let d = -13 - -18. Suppose -25 = -2*y - d*h, 2*h - 4 - 6 = 2*y. Suppose -3*p = -2*p, 5*x + 3*p = y. Determine l(x).
7
Let m = 324530 + -324527. Let d(i) = -3*i - 2. Let s(w) = -1. Let u(n) = d(n) + 2*s(n). Calculate u(m).
-13
Let q(y) = 3*y**3 - 27*y**2 + 5*y - 8. Let g(i) = -4*i**3 + 40*i**2 - 7*i + 12. Let h be 12/4*95/(-57). Let v(w) = h*g(w) - 7*q(w). Determine v(-11).
-4
Let g = -15 - -10. Let p = 24 - 21. Let k(t) = p - 2*t**2 + 2*t - 4 + 4*t + 3*t**2. Determine k(g).
-6
Let h = 754 - 375. Let w(p) = 5*p + h + 386 - 770. Determine w(3).
10
Let c(g) be the second derivative of -g**5/20 - 3*g**4/4 + g**3/6 - 2*g**2 - 48*g. Let s = 190 + -199. What is c(s)?
-13
Let a(x) = -x**2 + 4*x. Let d(q) = -q. Let v be d(-5). Let f be a(v). Let w(m) = 504 - 498 - 2*m**2 + m**2 + 2441*m - 1224*m - 1221*m. Determine w(f).
1
Let n(u) be the third derivative of -u**5/60 + 3*u**4/4 + 41*u**3/2 - 10236*u**2. Determine n(23).
8
Let m(s) = -2*s**3 - 13*s**2 - 8*s - 1. Let k be (6 - 14)/(96/72). Determine m(k).
11
Suppose 0 = -3*a - 2*u + 2, -2*u - 29 = -a + 3*u. Let k(y) = 26 - 10*y - 58 + 30 + 7*y + 12*y. What is k(a)?
34
Let v = 1068 + -1041. Let g(q) = 2*q**3 - 54*q**2 - 2*q + 61. Give g(v).
7
Let f(d) = -d**3 - 6*d**2 - d + 5. Let c be ((16/8)/1)/(-2). Let w(v) = 4*v - 2. Let j be w(c). Give f(j).
11
Let a = 466 - 461. Let u(h) = 6*h - 11. Let j(k) = k. Let c(o) = -12*o + 16. Let l(d) = c(d) + 2*j(d). Let m(q) = a*l(q) + 8*u(q). Determine m(-10).
12
Let q(t) = 2*t**3 + 2*t**2 + 6*t + 1. Let b be (-3 - (-1 - 2))/(10 + -7). Determine q(b).
1
Let l = 174 + -171. Let i(o) = -o**3 + 3*o - 2. Let j(y) = -2*y**3 - 2*y**2 + 7*y - 4. Let r(a) = l*j(a) - 7*i(a). Calculate r(3).
-25
Let a be ((-20)/(-110))/((-124)/(-3410)). Let f(t) = -10*t + 26. What is f(a)?
-24
Let x(a) = a - 92. Let k be (2/(-3))/(13/((-14157)/22)). Give x(k).
-59
Let u(s) = -s**3 - 2*s**2 + s + 5. Let r be 3/((-5)/3 - (-3)/18). Let b(c) = 2*c**3 + 3*c**2 - c - 10. Let n(y) = r*b(y) - 5*u(y). Determine n(-4).
7
Let d(q) be the third derivative of q**4/12 + q**3/3 - 3*q**2. Let x be (-54)/10 + 1 + (-39)/((-195)/2). What is d(x)?
-6
Let h(v) = 2*v**2 - 16*v + 10. Let m(y) = y - 1. Let r(o) = h(o) + 10*m(o). Let c = 394 + -385. Suppose -j = 3*d - 8, -c*j + 11*j = -4*d + 8. Determine r(d).
8
Let u be ((-330)/40 - -9)/(3/(-12)). Let q(o) = 3*o**3 + 11*o**2 + 6*o + 8. Give q(u).
8
Let p(m) be the first derivative of 7*m**2/2 + 56*m + 7139. Determine p(0).
56
Let h(l) be the second derivative of 2*l**3 - 204*l**2 - 9741*l. Give h(35).
12
Let f(d) = -d**3 + 6*d**2 + 11*d - 6. Let w(j) = 5*j**3 - 32*j**2 - 56*